lculate y(-24).
14
Let q(b) = 112*b + 1460. Give q(-12).
116
Let v(n) = 548*n - 20269. Give v(37).
7
Let d(q) = -q**3 + 22*q**2 - 21*q - 365. Give d(19).
319
Let s(k) = -k**2 - 2269*k + 9083. Calculate s(4).
-9
Let p(l) = 24*l - 2039. Determine p(90).
121
Let b(g) = 2*g**2 - 5*g - 67. Give b(-8).
101
Let i(m) = 3*m**3 - 105*m**2 - 110*m - 39. What is i(36)?
-111
Let n(p) = -2*p**3 - 12*p**2 - 147*p - 1126. What is n(-7)?
1
Let f(j) = -191*j + 1738. Calculate f(9).
19
Let w(a) = 2*a**2 - a - 110. What is w(-8)?
26
Let y(p) = 8*p**2 + 491*p + 272. Calculate y(-61).
89
Let f(g) = g**3 + 39*g**2 + 94*g - 149. What is f(-36)?
355
Let q(s) = 38*s - 72. Calculate q(-1).
-110
Let p(x) = -7*x - 291. What is p(-33)?
-60
Let n(t) = -t**2 - 42*t - 433. Determine n(-18).
-1
Let m(l) = 6*l**3 - 50*l**2 - 46*l + 83. Determine m(9).
-7
Let r(o) = -876*o + 9599. Determine r(11).
-37
Let i(u) = 184*u**2 + 6623*u - 40. Give i(-36).
-4
Let l(a) = -2*a**3 + 50*a**2 - 88*a - 43. Give l(23).
49
Let c(p) = -365*p - 358. Give c(-1).
7
Let o(y) = -378*y + 2848. Calculate o(9).
-554
Let l(c) = -3*c - 59. Give l(-35).
46
Let u(o) = -2*o**3 - 30*o**2 + 39*o + 97. Calculate u(-16).
-15
Let b(l) = l**2 + 6*l - 377. Give b(-22).
-25
Let l(f) = -4*f**3 - 941*f**2 + 711*f + 696. What is l(-236)?
-12
Let s(x) = -x**3 + 6*x**2 + 46*x - 42. What is s(10)?
18
Let b(f) = f**2 - 82*f - 428. Give b(-5).
7
Let i(r) = r**3 + 118*r**2 - 111*r + 963. Give i(-119).
11
Let g(d) = -7*d**2 + 36*d + 331. Calculate g(-5).
-24
Let q(d) = 10*d + 241. Give q(-13).
111
Let q(m) = m**2 + 30*m - 694. Give q(-45).
-19
Let i(n) = 2*n**3 + 354*n**2 + 2706*n + 344. Give i(-169).
6
Let n(p) = -12764*p - 89356. Calculate n(-7).
-8
Let n(k) = -3*k**3 + 176*k - 515. What is n(4)?
-3
Let f(z) = z**2 + 14*z - 141. Calculate f(13).
210
Let u(q) = -q**3 - 3*q**2 + 34*q + 78. Determine u(-2).
6
Let f(u) = u**3 - 6*u**2 + 14*u + 2. Calculate f(4).
26
Let g(b) = b**3 + 4*b**2 - b + 65. Give g(-6).
-1
Let i(g) = -g**3 - 42*g**2 - 55*g - 122. Determine i(-41).
452
Let f(x) = x**3 + 3*x**2 + 2*x + 18. Calculate f(-3).
12
Let c(y) = 15*y**3 + 2*y**2 - 10*y - 10. What is c(-1)?
-13
Let u(d) = 3*d**3 - 9*d**2 + 5. What is u(4)?
53
Let j(g) = -2*g**3 - 19*g**2 + 2*g. Give j(-9).
-99
Let h(o) = -2*o**2 - 98*o + 9324. Calculate h(-97).
12
Let f(j) = -j**3 + j**2 + 9*j - 3. Determine f(6).
-129
Let r(n) = -6*n + 104. Give r(7).
62
Let i(h) = -h**3 + 14*h**2 + 8. What is i(12)?
296
Let n(t) = -60*t**3 + 3*t**2 + 9*t - 11. Calculate n(1).
-59
Let g(s) = -583*s + 3490. Calculate g(6).
-8
Let d(k) = 3238*k - 16186. Determine d(5).
4
Let o(u) = -3*u**3 + 211*u**2 - 64*u - 420. Calculate o(70).
0
Let w(q) = -15*q**3 + q**2 + 8*q - 14. Calculate w(2).
-114
Let p(g) = -g**3 + 24*g**2 + 5*g + 352. Give p(25).
-148
Let l(c) = -2*c**2 + 36*c + 180. Determine l(22).
4
Let x(z) = -2*z**2 + 152*z + 1377. Calculate x(-10).
-343
Let t(z) = -z**3 + 89*z**2 + 1440*z + 216. Determine t(103).
10
Let k(g) = -4*g**2 + 25*g + 9. Determine k(5).
34
Let g(n) = -12*n**2 + 9*n + 87. What is g(5)?
-168
Let p(s) = 11*s**3 + s**2 + s. Determine p(-3).
-291
Let z(u) = -8*u**2 - 10*u. What is z(-2)?
-12
Let i(y) = -4*y**2 + 35*y + 21. Give i(10).
-29
Let i(c) = c**3 + 22*c**2 + 99*c + 2. What is i(-11)?
244
Let k(d) = 55*d**3 - 17*d**2 + 32*d. Determine k(2).
436
Let w(r) = -r**2 - 6*r + 156. Determine w(12).
-60
Let r(h) = 50*h - 637. What is r(13)?
13
Let b(g) = -20*g + 252. Calculate b(7).
112
Let l(a) = 1340*a - 4003. Determine l(3).
17
Let h(k) = 2*k**3 + 32*k**2 + 125*k + 29. Determine h(-10).
-21
Let b(t) = 30*t + 172. Calculate b(-6).
-8
Let g(s) = -9*s**3 + 4*s**2 - 2*s - 1. Give g(1).
-8
Let f(o) = o**3 + 48*o**2 + 56*o + 445. What is f(-47)?
22
Let t(g) = -902*g - 64033. Calculate t(-71).
9
Let v(m) = 59*m + 240. Give v(-4).
4
Let v(r) = 3*r**3 + 7*r**2 + 2*r + 345. What is v(0)?
345
Let t(y) = y**2 + 49*y - 292. Give t(-54).
-22
Let q(x) = -17*x**3 - 43*x**2 - 122*x - 1. Determine q(-3).
437
Let j(o) = -27*o - 676. Determine j(-25).
-1
Let z(o) = -3*o + 229. Give z(71).
16
Let b(l) = -10*l**3 - 69*l**2 + 8*l + 15. What is b(-7)?
8
Let r(z) = -17*z**2 + 441*z - 406. Give r(25).
-6
Let p(y) = -9*y - 97. Give p(-5).
-52
Let m(o) = -o**3 - 9*o**2 - 23*o - 10. Give m(-4).
2
Let f(b) = b**3 - 12*b**2 - 39*b + 6. Determine f(-6).
-408
Let b(x) = -14*x - 28. What is b(12)?
-196
Let v(z) = -1085*z**3 - 8*z**2 - 2. What is v(1)?
-1095
Let c(p) = -18*p + 1335. Calculate c(72).
39
Let d(p) = -84*p + 3240. Determine d(38).
48
Let c(s) = s**3 + 3*s**2 - 85*s + 236. Give c(5).
11
Let t(c) = -21*c**3 + 2*c**2 - 11*c + 13. What is t(2)?
-169
Let z(l) = -l**3 - 29*l**2 + 37*l + 178. What is z(3)?
1
Let x(r) = 652*r - 68454. Determine x(105).
6
Let x(a) = -a**3 - 26*a**2 - 142*a + 292. Give x(-16).
4
Let i(q) = -12*q - 313. Give i(-31).
59
Let d(h) = -3*h**2 + 39*h + 26. Calculate d(8).
146
Let v(y) = -207*y + 2094. Calculate v(8).
438
Let a(g) = -37*g - 820. Give a(-42).
734
Let r(y) = -11*y**2 + 2*y - 1. What is r(0)?
-1
Let x(f) = f**3 - 15*f**2 - 5*f + 70. Determine x(15).
-5
Let v(m) = -2*m**2 - 196*m + 2898. What is v(13)?
12
Let x(c) = 3823*c - 19121. Give x(5).
-6
Let q(w) = -56*w**2 - 35*w - 1. Determine q(-1).
-22
Let u(d) = 3*d**3 + 29*d**2 + 9*d - 160. What is u(-8)?
88
Let x(l) = l**3 - 25*l**2 + 10*l - 91. Determine x(25).
159
Let x(o) = 8*o - 772. What is x(96)?
-4
Let s(l) = 27*l + 24. What is s(0)?
24
Let p(u) = 13*u**3 + 20*u**2 - 48*u + 11. Calculate p(2).
99
Let t(g) = -3*g**3 + 15*g**2 + 9*g - 27. Calculate t(7).
-258
Let t(i) = -i**3 + 8*i**2 + 11*i - 141. Determine t(7).
-15
Let w(h) = 2*h**3 - 6*h**2 + 4*h - 94. Give w(7).
326
Let a(n) = 506*n + 9112. Give a(-18).
4
Let i(k) = -k**2 - 113*k + 188. What is i(-115)?
-42
Let d(a) = -3*a**3 + 82*a**2 + 57*a - 13. What is d(28)?
15
Let v(c) = c**3 - 13*c**2 + 6*c + 19. Give v(12).
-53
Let g(m) = 2*m**2 - 40*m - 379. Calculate g(-9).
143
Let z(m) = -m**3 + 11*m**2 - 25*m + 11. Give z(5).
36
Let g(n) = n**3 - 141*n**2 - 4730*n - 338. What is g(169)?
0
Let g(w) = 705*w + 26083. Determine g(-37).
-2
Let i(h) = -11*h - 19. Calculate i(-7).
58
Let s(y) = -192*y + 22843. Give s(119).
-5
Let x(h) = -h**2 + 33*h + 10. Determine x(31).
72
Let g(q) = -q**3 - 29*q**2 - 96*q - 464. Calculate g(-26).
4
Let c(x) = -2*x**2 - 119*x + 580. What is c(-64)?
4
Let r(q) = -7*q**3 - 106*q**2 + 92*q - 4. What is r(-16)?
60
Let r(b) = 153*b + 7318. Calculate r(-48).
-26
Let i(b) = -4*b**3 + 3*b**2 + 11*b - 8. Give i(-3).
94
Let f(c) = -86*c**2 - 46*c + 45. Calculate f(1).
-87
Let g(o) = o**3 - 5*o**2 - 21*o - 18. Calculate g(-1).
-3
Let g(a) = 34*a + 460. What is g(-13)?
18
Let k(z) = -383*z - 1. What is k(0)?
-1
Let n(z) = 21*z - 2. What is n(-4)?
-86
Let x(c) = 13*c**3 + 217*c**2 - 65*c + 49. Give x(-17).
-2
Let i(n) = -44*n - 880. Determine i(-20).
0
Let m(c) = -48*c + 4387. Give m(91).
19
Let j(z) = z**3 + 11*z**2 + 150*z + 1188. Give j(-9).
0
Let u(q) = -88*q**3 + q**2 - 12*q + 11. Determine u(1).
-88
Let q(n) = -24*n + 21. Calculate q(6).
-123
Let l(w) = -w**2 + 49*w - 121. Determine l(7).
173
Let s(f) = 142*f - 131. Calculate s(1).
11
Let x(b) = -15*b**2 - 150*b + 160. Determine x(-11).
-5
Let q(y) = -2*y**3 - 136*y**2 + 285*y + 102. Give q(-70).
-248
Let d(y) = -6*y**2 - 52*y + 786. Give d(9).
-168
Let z(r) = 4*r**2 + 95*r + 452. What is z(-5)?
77
Let w(f) = -2*f**3 - 69*f**2 - 94*f + 160. Give w(-33).
-5
Let h(b) = 26*b + 506. What is h(-20)?
-14
Let o(t) = -2*t**2 + 26*t + 40. Determine o(17).
-96
Let u(x) = -2*x**3 + 34*x**2 - 103*x - 13. Give u(4).
-9
Let f(v) = v**3 + 20*v**2 + 23*v + 77. What is f(-19)?
1
Let m(a) = -3*a**2 + a + 84. Give m(-12).
-360
Let w(d) = -20*d**2 + 3335*d + 845. Determine w(167).
10
Let u(r) = 80*r + 1535. What is u(-19)?
15
Let w(u) = 12*u**3. Determine w(1).
12
Let r(l) = 9*l**2 - 37*l - 25. Determine r(5).
15
Let u(d) = -d**3 - 8*d**2 + 11*d - 43. Determine u(-10).
47
Let y(n) = -20*n + 364. Calculate y(19).
-16
Let v(d) = -66*d + 586. Give v(13).
-272
Let z(o) = 3*o**3 - 15*o**2 + 3*o - 48. Give z(5).
-33
Let n(z) = -98*z - 7305. Give n(-77).
241
Let d(n) = n**2 + 38*n + 319. Give d(-22).
-33
Let w(l) = -l**3 + 223*l**2 + 444*l + 1333. Determine w(225).
-17
Let i(s) = -4